(-12). Suppose 0 = -u*i - 17 + 21. Suppose -i*l + 153 = l. What are the prime factors of l?
3, 17
Suppose -13*r + 65 = -18*r. Let l be 1/4 + (-89)/4. Let q = r - l. What are the prime factors of q?
3
Let i(q) = 6*q + 6. Let n(k) = -k**3 + 4*k**2 + 8*k - 3. Let y be n(5). Let j be ((-20)/(-15))/(2/y). List the prime factors of i(j).
2, 3
Suppose 0 = -3*m + 4*m + 10. What are the prime factors of 5/(m/(-78)) - 4?
5, 7
Let n be 6/(0 + (-6)/(-4)). Let m = n - -20. Suppose 4*a = 324 - m. What are the prime factors of a?
3, 5
Suppose -939 = -3*k + 2769. What are the prime factors of k?
2, 3, 103
Suppose -2*a + 2534 = -5*z + 684, -3*a + z + 2775 = 0. What are the prime factors of a?
5, 37
Let r(q) = q**3 - 2*q**2 - q - 2. Let o be r(3). Let b be (-2)/o + 5/(-2). List the prime factors of 2 + 2 + 6/b.
2
Let d(u) = -2*u**3 - u**2 - 6*u + 1. Let g be d(5). Let x = -61 - g. What are the prime factors of x?
3
Let m(g) = 23*g**2 - 3*g + 23. List the prime factors of m(4).
379
Let p(x) = -6*x + 13. Let w(o) = o**3 + 5*o**2 + 12. Let i be w(-5). Suppose k + i = -2*k. What are the prime factors of p(k)?
37
Suppose -11 + 47 = -i. Let g = i - -70. Suppose d + 0 = -5, -p + 4*d + g = 0. What are the prime factors of p?
2, 7
Let t = 15 - 12. Suppose 0 = t*a - 11 - 4. Suppose a*u - 26 - 49 = 0. List the prime factors of u.
3, 5
Let i = 0 + 3. Suppose -i*j = 5*r - 485, 2*r - r = -4*j + 624. What are the prime factors of j?
5, 31
Suppose u - 16*u = -10680. What are the prime factors of u?
2, 89
Let i(x) be the third derivative of -x**4/12 + 13*x**3/3 - 8*x**2. Let l be i(13). Suppose -5*j + l*j = -75. What are the prime factors of j?
3, 5
Suppose -105 + 31 = -b. Let s = b + -35. List the prime factors of s.
3, 13
Suppose -4 = -2*s + s, -4*s = i - 16. Suppose 4*p - 12 = i, -t + 138 = 2*t - 5*p. What are the prime factors of t?
3, 17
Suppose -4*u = -5*g + 1330, -5*u + 2*g - 1656 = -g. Let x = -215 - u. List the prime factors of x.
5, 23
Let t(q) = 41*q**2 + 11*q - 2. What are the prime factors of t(-3)?
2, 167
List the prime factors of 8604/156 + (-6)/39.
5, 11
Suppose -23*q + 90 = -2. Let o be (0/2 - 2) + 132. Suppose 0 = 3*a + 4*i - 98, q*a - 2*i + 7*i = o. What are the prime factors of a?
2, 3, 5
Let j(u) = 4*u**3 - 8*u**2 + 22*u - 27. What are the prime factors of j(9)?
3, 271
Suppose -8*x + 171 = 19. Suppose -x*z - 300 = -25*z. What are the prime factors of z?
2, 5
Let y(f) = -9*f**2 - f - 17. Let g(c) = 4*c**2 + 8. Let s(j) = 7*g(j) + 3*y(j). List the prime factors of s(-4).
3, 11
Let i(h) = -5*h**2 + 4*h**2 + 0*h**2 + 8*h - 7. Let u be i(7). Suppose u = -5*x - 3*w + 106, 84 = -x + 4*x - 5*w. List the prime factors of x.
23
Suppose 7*n - 20 = 2*n + 5*l, 8 = -n - 2*l. Suppose n = -4*m + 55 + 25. What are the prime factors of m?
2, 5
Suppose -216*b + 21 = -223*b. Let l = -26 + 14. What are the prime factors of 4 - l/(-4) - b?
2
Suppose 5*a = -3*a + 15104. List the prime factors of a.
2, 59
Suppose 2*r = 46 - 204. Let a = 131 + r. What are the prime factors of a?
2, 13
Let q = -28 - -31. Let n(p) = -2*p - 2*p + 7*p**2 + 1 - p. What are the prime factors of n(q)?
7
Let o be ((-210)/(-4))/((-95)/20 - -4). Let y = 20 - o. What are the prime factors of y?
2, 3, 5
List the prime factors of (-9 - -8)/((-1)/1235).
5, 13, 19
Suppose -3*x - 365 - 19 = 3*b, x - 250 = 2*b. Let v = 231 + b. Suppose 0 = 2*o - 0*o - 3*z - v, 5*o = 5*z + 265. What are the prime factors of o?
2, 3
Let m = 12 - 9. Suppose -5*y - 10 - 23 = -4*k, 0 = -m*k - 3*y + 45. List the prime factors of k.
2, 3
List the prime factors of ((-216)/30)/(1/(-195) - 0).
2, 3, 13
Let t(s) = -s**3 - 16*s**2 + 18*s - 21. Suppose -2*i + 0*a + 3*a = 22, a + 38 = -2*i. Let d be t(i). Let v = 26 - d. What are the prime factors of v?
2
Let i(q) be the first derivative of q**4/4 + 8*q**3/3 + 3*q**2 + 3*q - 7. List the prime factors of i(-4).
43
Suppose 4 = m + 2*i, -2*i + 28 = -5*m + 2*m. Let a(d) = -3*d. List the prime factors of a(m).
2, 3
Suppose -1077 = -4*m + 1251. List the prime factors of m.
2, 3, 97
Let c(k) = k**3 - 12*k**2 - 13*k - 16. Let m be c(14). Suppose -3*s - f + m = 0, 28 = s + f - 36. List the prime factors of s.
5, 13
Let v be 1 + 1 + -1 + 2. Suppose -v*z = -0*z - 12. Suppose -z*d - d = -110. List the prime factors of d.
2, 11
Let i = -593 - -1224. What are the prime factors of i?
631
Let y(b) = 130*b**3 + 2*b**2 - b - 1. List the prime factors of y(1).
2, 5, 13
Suppose 0*o + 2432 = 2*y - o, 3*o = -4*y + 4864. List the prime factors of y.
2, 19
Suppose -92*v = -57*v - 15015. What are the prime factors of v?
3, 11, 13
Let l = -26 - -29. Suppose -2*k + 155 = 5*s, -3*k = -5*k - l*s + 153. What are the prime factors of k?
3, 5
Let r(z) = -6*z + 0*z - 4 + 0. Let x be (-13 - -7)*(2 + -1). What are the prime factors of r(x)?
2
Let z(o) = -o**2 + 9*o - 2. Let j be z(9). What are the prime factors of (j/(-3) + (-1022)/(-24))*4?
173
Let v be 5/15*(0 + -6). Let q be (v - 0 - -76) + -3. Let m = q - 26. List the prime factors of m.
3, 5
Let k(t) be the first derivative of t**4 + t**3 + t**2/2 - 7*t - 24. List the prime factors of k(3).
131
Suppose -2*i + 11 = -37. Let c = i + -20. Suppose -n - 12 = -6*v + 2*v, -c = -2*v + n. What are the prime factors of v?
2
Let s = 1844 + -1116. What are the prime factors of s?
2, 7, 13
Suppose 4*v + 16267 = 5*x, 4*v - 9 = -2*x + 6481. What are the prime factors of x?
3251
Suppose 32*x - 472 = 30*x. Suppose -9*u = -7*u - x. What are the prime factors of u?
2, 59
Let x(j) = 73*j**2 - j + 2. What are the prime factors of x(3)?
2, 41
Let p = 3906 - 472. What are the prime factors of p?
2, 17, 101
Suppose 6*d - 210 = 258. Suppose -8*s + 722 = -d. List the prime factors of s.
2, 5
Let q(s) = 5*s**2 + 1059*s**3 + 0*s - 1060*s**3 + 2 + 7*s. What are the prime factors of q(6)?
2
Suppose -i = -5*x - 0*i + 6, 14 = 5*x + i. Let a(j) = 7*j - 5 + 2*j**2 + 5 - 1 + x*j. What are the prime factors of a(-7)?
2, 17
Let n be ((-4)/(-8))/(3/3426). Suppose -5*f = -n - 404. Suppose -5*a + 2*a + 15 = 0, 0 = 5*y + 2*a - f. List the prime factors of y.
37
Suppose 4*t = -5*x + 319, 2*t - 90 - 68 = -2*x. Suppose -t = -y - y. What are the prime factors of y?
2, 19
Let f(l) = -2*l**3 - 13*l**2 + 50*l + 90. List the prime factors of f(-14).
2, 5, 233
Let j = 32 + 29. Suppose 60*h = j*h - 264. What are the prime factors of h?
2, 3, 11
Suppose 0*z = 2*z + b + 4, 0 = 3*z - 4*b - 5. Let m be -9 - -7 - (z - -1). What are the prime factors of (-93 + (-3 - m))/(-2)?
47
Suppose 9004 = 37*p - 31215. List the prime factors of p.
1087
Suppose i - 121 = 3*x, -6*i + 2*i + 3*x = -475. What are the prime factors of i?
2, 59
Let j = 39 + 55. Suppose -j - 60 = -7*x. List the prime factors of x.
2, 11
Let h = 754 + -379. What are the prime factors of h?
3, 5
Let q = -1077 - -1583. What are the prime factors of q?
2, 11, 23
List the prime factors of 8751/6 - (-114)/(-76).
31, 47
Let a(g) = -g**3 - 2*g**2 + 6*g + 12. Let o be a(-3). Suppose 2*k + 3 = -v, 2*v = -v - o*k. What are the prime factors of v?
3
Let u(b) = 2*b + b**2 + b**3 - 23 - 8*b**2 + 13 + 0*b**2. What are the prime factors of u(9)?
2, 5, 17
Suppose 0 = -4*k + 34 + 826. List the prime factors of k.
5, 43
Let f(l) = -3*l - 2. Let d(a) = -7*a - 3. Let c(x) = -2*d(x) + 5*f(x). Let t be c(-6). List the prime factors of -2*(-2 - 0/t).
2
Let k(d) = d**3 - 12*d**2 + 11*d - 6. Let s be k(11). List the prime factors of (-365)/(-15) + (-4)/s.
5
Suppose 197*t - 5*f - 10811 = 193*t, -5*t = 2*f - 13522. What are the prime factors of t?
2, 13
Suppose 0 = -2*h - z + 282, -2*h - 2*z + 4*z = -282. List the prime factors of h.
3, 47
Let r(d) = -d**3 - 8*d**2 - 7*d - 6. Let y be r(-7). Let v = 33 - y. List the prime factors of v.
3, 13
Let b = 161 - 17. What are the prime factors of b?
2, 3
Let i be 2 - -17 - (-2)/(-1). Let g = 5 - -4. Let j = g + i. What are the prime factors of j?
2, 13
Let i(k) = -2*k. Let q(n) = -32*n + 11. Let s(d) = 6*i(d) - q(d). List the prime factors of s(5).
89
Let s = 245 - 34. Let q = -161 + s. What are the prime factors of q?
2, 5
Let h(w) = w**3 - 9*w**2 + 13*w - 12. Suppose 11*g = 12*g + 21. Let n = 29 + g. List the prime factors of h(n).
2, 7
Let q(a) = -21*a**3 + a**2 - a - 2. Let o be q(-1). Let x = 6 + o. What are the prime factors of x?
3
Let f = 